e 3, what is 10 - -22202?
22212
In base 8, what is -604 + 1?
-603
In base 7, what is -20522 + 1?
-20521
In base 2, what is 0 - 101111?
-101111
In base 9, what is -2 - -86?
84
In base 5, what is 4 + 104?
113
In base 10, what is 32 - -116?
148
In base 5, what is 22 + -4330?
-4303
In base 6, what is -14 + -5041?
-5055
In base 3, what is 12 - 122100?
-122011
In base 12, what is -a3 - -2?
-a1
In base 2, what is -1 + -10110?
-10111
In base 5, what is 1103 - -114?
1222
In base 5, what is -4030 - -4?
-4021
In base 13, what is -4 + 6a?
66
In base 5, what is 20444 - -30?
21024
In base 2, what is 1001100011 - 101111?
1000110100
In base 10, what is -1131 + -7?
-1138
In base 10, what is -45 + -5?
-50
In base 10, what is 4 + 446?
450
In base 12, what is -a87 + -5?
-a90
In base 15, what is 2 - 29?
-27
In base 9, what is 15 + 610?
625
In base 11, what is -3 - -7?
4
In base 10, what is -3 - 3?
-6
In base 10, what is -121 + 25?
-96
In base 3, what is 221 - -22?
1020
In base 12, what is -4 - 39?
-41
In base 12, what is 2 - -963?
965
In base 6, what is -1411 + -1?
-1412
In base 13, what is -b71 - -2?
-b6c
In base 5, what is -4 + 231?
222
In base 11, what is -827 - 4?
-830
In base 9, what is 247 - 0?
247
In base 11, what is 20 + -38?
-18
In base 7, what is 3 - 2401?
-2365
In base 10, what is 64 - 12?
52
In base 7, what is -16 - 200?
-216
In base 9, what is -5 - 288?
-304
In base 13, what is 274a + 1?
274b
In base 15, what is 3 + 199?
19c
In base 15, what is -3 - 4?
-7
In base 14, what is -11 - -3d?
2c
In base 16, what is -c - -177?
16b
In base 15, what is 94 + 0?
94
In base 11, what is 509 - 4?
505
In base 16, what is -205 + -4?
-209
In base 15, what is 57 - 5?
52
In base 5, what is 332 + 2?
334
In base 6, what is -123 - 0?
-123
In base 3, what is 21 + 112001?
112022
In base 16, what is 57 - 3?
54
In base 3, what is -1001120 + -102?
-1001222
In base 8, what is 1 + 102?
103
In base 13, what is 71 - -5?
76
In base 2, what is -10 + 111100?
111010
In base 13, what is 1601 + -4?
15ca
In base 14, what is -2 - -2561?
255d
In base 5, what is 10231 - 4?
10222
In base 12, what is -17 - -2?
-15
In base 6, what is 25 - -51?
120
In base 9, what is -257 + 20?
-237
In base 13, what is 5 - 34?
-2c
In base 10, what is -295 + -5?
-300
In base 13, what is -15 - -14?
-1
In base 13, what is -16 - 68?
-81
In base 11, what is -3 - 316?
-319
In base 12, what is 128 + -60?
88
In base 4, what is 11200 - -3?
11203
In base 11, what is 8 - -31?
39
In base 5, what is -1324123 + 3?
-1324120
In base 14, what is 7 + -6a2?
-699
In base 2, what is -101100 + -10001?
-111101
In base 10, what is -466 - 0?
-466
In base 16, what is 1 - -d4?
d5
In base 4, what is 10 + -1102?
-1032
In base 8, what is 4 + -13?
-7
In base 4, what is 23 + 2203?
2232
In base 6, what is -3 + -5004?
-5011
In base 16, what is -290 + 0?
-290
In base 8, what is 5 + -265?
-260
In base 14, what is -5 + 4d?
48
In base 5, what is 3 - 12122?
-12114
In base 14, what is 336b + -1?
336a
In base 9, what is -8 - -306?
287
In base 5, what is -1340 - -114?
-1221
In base 10, what is 198 - -21?
219
In base 13, what is 5c - 47?
15
In base 5, what is -1 - 11141?
-11142
In base 4, what is 0 - 313?
-313
In base 3, what is -2 + -111?
-120
In base 9, what is -674 - 2?
-676
In base 12, what is -4 + -39?
-41
In base 12, what is 4 + 11?
15
In base 14, what is 2b0 + -2?
2ac
In base 11, what is -5107 + -4?
-5110
In base 12, what is -29 + 67a?
651
In base 13, what is -13 + -26?
-39
In base 5, what is -1240220 + -2?
-1240222
In base 14, what is 272 - 2?
270
In base 4, what is 1 - -1330?
1331
In base 8, what is 20 - -106?
126
In base 10, what is -1250 + -15?
-1265
In base 10, what is -4 + -2400?
-2404
In base 2, what is -1 + 1010111111100?
1010111111011
In base 5, what is -1303 + -4?
-1312
In base 11, what is -1 - -7a?
79
In base 16, what is 4 - -2?
6
In base 2, what is -10010111 + -10?
-10011001
In base 8, what is -4 + 7520?
7514
In base 14, what is -194 - a?
-1a0
In base 14, what is 11 - 1a?
-9
In base 9, what is 8 - -63?
72
In base 8, what is 143 + 12?
155
In base 5, what is 3 - 1420?
-1412
In base 16, what is 2 + 20?
22
In base 6, what is -4 - -33?
25
In base 10, what is -30 + -68?
-98
In base 6, what is 235 - 22?
213
In base 6, what is 400 - 35?
321
In base 14, what is 144 + 3?
147
In base 6, what is -3 + 1110?
1103
In base 14, what is -2 - 196?
-198
In base 3, what is -1200021 - -2?
-1200012
In base 4, what is -302 - 233?
-1201
In base 8, what is -315 + -2?
-317
In base 4, what is 1201 + -11?
1130
In base 15, what is -b - -7a6?
79a
In base 4, what is 10222 - 0?
10222
In base 9, what is 5 + 2833?
2838
In base 16, what is 4 - e2?
-de
In base 4, what is -3100 + -311?
-10011
In base 5, what is -2133 - 1?
-2134
In base 14, what is 20 - -30?
50
In base 10, what is 562 - 4?
558
In base 4, what is -22 + 110223?
110201
In base 5, what is 401 - -10?
411
In base 14, what is 49b + 12?
4ad
In base 13, what is b + 358?
366
In base 2, what is -110 + -10000?
-10110
In base 5, what is 20 + 3?
23
In base 11, what is 3 - -28?
30
In base 14, what is 3 - -79?
7c
In base 13, what is a + 52?
5c
In base 16, what is 5 + -2ec?
-2e7
In base 5, what is 24 + -1021?
-442
In base 5, what is -10 + 33?
23
In base 13, what is -19 + -24?
-40
In base 5, what is -2 - -202?
200
In base 9, what is 468 + 6?
475
In base 15, what is -4 + 2c?
28
In base 6, what is 0 - 103?
-103
In base 6, what is 321 - -4?
325
In base 11, what is -3 + -125?
-128
In base 4, what is -131000 + 1?
-130333
In base 10, what is 1 + -644?
-643
In base 2, what is -11 - -101110?
101011
In base 4, what is 20110003 - 1?
20110002
In base 7, what is 6 + 23?
32
In base 15, what is -4 + 6a?
66
In base 13, what is -4c - -90?
41
In base 6, what is -1 + 135?
134
In base 15, what is 4183 - 3?
4180
In base 7, what is 460 + 4?
464
In base 8, what is -3 + -6203?
-6206
In base 3, what is 11 + 1102?
1120
In base 14, what is -1a0 + 8?
-196
In base 6, what is 2 - 34?
-32
In base 11, what is -5 + 883?
879
In base 9, what is -5 - -624?
618
In base 13, what is -a195 + -5?
-a19a
In base 13, what is 1 + -542?
-541
In base 15, what is -21d - 0?
-21d
In base 8, what is 133 + 6?
141
In base 5, what is 302 + 3?
310
In base 14, what is 10c + 10?
11c
In base 7, what is -5130 - 0?
-5130
In base 6, what is 0 - -2102?
2102
In base 13, what is -101 - -5?
-c9
In base 9, what is 0 + -65?
-65
In base 2, what is 101011010 + -101?
101010101
In base 3, what is -10 - -10221?
10211
In base 13, what is -1c + 3?
-19
In base 15, what is 1e2 - -2?
1e4
In base 5, what is 4 + -433?
-424
In base 12, what is 173b + -5?
1736
In base 8, what is 6 + 60?
66
In base 15, what is -b - -59?
4d
In base 13, what is -1044 - 3?
-1047
In base 4, what is 31 + 2311?
3002
In base 5, what is -2124 - -4?
-2120
In base 15, what is -4 + -54?
-58
In base 13, what is -5 - 8?
-10
In base 15, what is -1 - 76?
-77
In base 11, what is -717 + -7?
-723
In base 2, what is -1101010000111 - -100?
-1101010000011
In base 6, what is -1 + 2?
1
In base 4, what is -3 - 3032?
-3101
In base 3, what is 2012 + -21?
1221
In base 13, what is 1 - cc?
-cb
In base 16, what is 0 - -32e?
32e
In base 8, what is 6 - -522?
530
In base 15, what is 3 + 5?
8
In base 14, what is -14 - -19?
5
In base 15, what is 2 - -19b?
19d
In base 15, what is 4 + -1652?
-164d
In base 4, what is -1 + -12111?
-12112
In base 6, what is 35 + -5?
30
In base 2, what is 11000011 - -10?
11000101
In base 8, what is 126 - -6?
134
In base 7, what is -525 - -4?
-521
In base 9, what is 2 + -50?
-47
In base 12, what is -946 - 4?
-94a
In base 4, what is -13 + 11313?
11300
In base 9, what is -18 + -36?
-55
In base 15, what is 1 + 4?
5
In base 2, what is -1001011010 - -100?
-1001010110
In base 10, what is -451 - -18?
-433
In base 6, what is -4 + -113?
-121
In base 13, what is -2660 - 0?
-2660
In base 16, what is -102 + 0?
-102
In base 13, what is 0 + 130?
130
In base 15, what is -4 + -7eb?
-800
In base 8, what is -3 - 2670?
-2673
In base 2, what is 1010111101001 - 10?
1010111100111
In base 6, what is -304 + 13?
-251
In base 15, what is ca - 10?
ba
In base 4, what is 10300 + 13?
10313
In base 5, what is -1 + 10411?
10410
In base 10, what is 2 - 1894?
-1892
In base 12, what is 54 - b?
45
In base 11, what is -582 - 7?
-589
In base 2, what is 0 - -1111